s the millions digit of 1457648?
1
What is the units digit of 1903297?
7
What is the tens digit of 16650496?
9
What is the units digit of 1340382?
2
What is the thousands digit of 645383?
5
What is the thousands digit of 80202?
0
What is the ten thousands digit of 144234?
4
What is the tens digit of 89940?
4
What is the hundred thousands digit of 182500?
1
What is the hundreds digit of 3970220?
2
What is the millions digit of 8710755?
8
What is the units digit of 489360?
0
What is the hundred thousands digit of 468463?
4
What is the units digit of 6457380?
0
What is the hundreds digit of 88794?
7
What is the tens digit of 157594?
9
What is the hundreds digit of 1619706?
7
What is the thousands digit of 148595?
8
What is the hundred thousands digit of 352912?
3
What is the tens digit of 11469862?
6
What is the ten millions digit of 12904392?
1
What is the tens digit of 4559796?
9
What is the units digit of 5848369?
9
What is the hundreds digit of 134242?
2
What is the thousands digit of 723294?
3
What is the millions digit of 21561841?
1
What is the units digit of 17282789?
9
What is the tens digit of 14572563?
6
What is the ten thousands digit of 54366?
5
What is the millions digit of 3304629?
3
What is the tens digit of 152434?
3
What is the thousands digit of 542423?
2
What is the thousands digit of 6262986?
2
What is the hundreds digit of 1492744?
7
What is the thousands digit of 17462748?
2
What is the thousands digit of 662454?
2
What is the hundred thousands digit of 2077396?
0
What is the units digit of 4529282?
2
What is the hundreds digit of 4490431?
4
What is the millions digit of 1706772?
1
What is the hundred thousands digit of 1957970?
9
What is the tens digit of 23065685?
8
What is the tens digit of 1552758?
5
What is the hundreds digit of 382066?
0
What is the thousands digit of 5355025?
5
What is the thousands digit of 78152?
8
What is the tens digit of 229532?
3
What is the ten thousands digit of 16959906?
5
What is the hundreds digit of 97268?
2
What is the ten thousands digit of 228932?
2
What is the ten thousands digit of 2295141?
9
What is the tens digit of 107057?
5
What is the ten thousands digit of 3513658?
1
What is the thousands digit of 2204?
2
What is the units digit of 472721?
1
What is the ten thousands digit of 1044226?
4
What is the ten thousands digit of 3508756?
0
What is the units digit of 1241884?
4
What is the hundred thousands digit of 133683?
1
What is the ten millions digit of 20690670?
2
What is the thousands digit of 4888530?
8
What is the tens digit of 205724?
2
What is the tens digit of 162446?
4
What is the ten thousands digit of 325611?
2
What is the tens digit of 91688?
8
What is the hundreds digit of 1102422?
4
What is the tens digit of 102769?
6
What is the units digit of 1267557?
7
What is the hundreds digit of 12978283?
2
What is the units digit of 109428?
8
What is the units digit of 6679?
9
What is the tens digit of 13351283?
8
What is the tens digit of 1555433?
3
What is the hundred thousands digit of 324244?
3
What is the hundred thousands digit of 232201?
2
What is the hundred thousands digit of 1079387?
0
What is the hundreds digit of 1324320?
3
What is the ten thousands digit of 1589616?
8
What is the units digit of 4928999?
9
What is the hundreds digit of 4563844?
8
What is the units digit of 409778?
8
What is the tens digit of 193877?
7
What is the units digit of 6840532?
2
What is the units digit of 1991825?
5
What is the ten thousands digit of 3605916?
0
What is the thousands digit of 165279?
5
What is the units digit of 3694901?
1
What is the thousands digit of 29003?
9
What is the hundred thousands digit of 1082057?
0
What is the millions digit of 13378206?
3
What is the millions digit of 2014811?
2
What is the ten thousands digit of 1324141?
2
What is the hundreds digit of 443599?
5
What is the hundreds digit of 120013?
0
What is the hundred thousands digit of 414910?
4
What is the millions digit of 1805594?
1
What is the millions digit of 9084530?
9
What is the thousands digit of 734041?
4
What is the tens digit of 43409?
0
What is the ten thousands digit of 755113?
5
What is the hundreds digit of 6470720?
7
What is the units digit of 3769277?
7
What is the tens digit of 3696765?
6
What is the units digit of 42580?
0
What is the tens digit of 12985703?
0
What is the hundreds digit of 285076?
0
What is the hundreds digit of 12348837?
8
What is the units digit of 4502766?
6
What is the ten thousands digit of 4732716?
3
What is the hundreds digit of 73524?
5
What is the hundred thousands digit of 285865?
2
What is the tens digit of 3984857?
5
What is the ten thousands digit of 1097746?
9
What is the hundred thousands digit of 471931?
4
What is the millions digit of 1618410?
1
What is the ten thousands digit of 977395?
7
What is the tens digit of 475782?
8
What is the thousands digit of 13964767?
4
What is the thousands digit of 271495?
1
What is the tens digit of 448318?
1
What is the units digit of 31378770?
0
What is the ten thousands digit of 328107?
2
What is the thousands digit of 1230097?
0
What is the units digit of 522653?
3
What is the thousands digit of 7735871?
5
What is the hundred thousands digit of 595306?
5
What is the hundreds digit of 1874082?
0
What is the units digit of 251709?
9
What is the hundred thousands digit of 2997702?
9
What is the thousands digit of 7734807?
4
What is the hundreds digit of 3978966?
9
What is the tens digit of 689474?
7
What is the units digit of 20198173?
3
What is the hundred thousands digit of 4646328?
6
What is the hundred thousands digit of 1472001?
4
What is the thousands digit of 1098415?
8
What is the ten thousands digit of 1292644?
9
What is the thousands digit of 921157?
1
What is the ten thousands digit of 1995281?
9
What is the tens digit of 474438?
3
What is the hundreds digit of 36502178?
1
What is the hundred thousands digit of 1071726?
0
What is the hundred thousands digit of 371227?
3
What is the tens digit of 2688162?
6
What is the ten thousands digit of 2264919?
6
What is the hundred thousands digit of 454491?
4
What is the tens digit of 1556010?
1
What is the units digit of 9976195?
5
What is the thousands digit of 299830?
9
What is the thousands digit of 17306230?
6
What is the ten thousands digit of 1509873?
0
What is the tens digit of 22344504?
0
What is the hundreds digit of 12906658?
6
What is the ten thousands digit of 856412?
5
What is the millions digit of 4648914?
4
What is the ten thousands digit of 297568?
9
What is the units digit of 37441?
1
What is the thousands digit of 8943141?
3
What is the thousands digit of 37700?
7
What is the hundreds digit of 176913?
9
What is the units digit of 1418433?
3
What is the thousands digit of 20429018?
9
What is the ten thousands digit of 227153?
2
What is the thousands digit of 4895120?
5
What is the hundred thousands digit of 359878?
3
What is the tens digit of 8128?
2
What is the hundreds digit of 1912492?
4
What is the units digit of 10415235?
5
What is the units digit of 3629482?
2
What is the units digit of 522233?
3
What is the hundred thousands digit of 982483?
9
What is the hundred thousands digit of 291834?
2
What is the units digit of 10239?
9
What is the thousands digit of 1382144?
2
What is the thousands digit of 5169198?
9
What is the tens digit of 65684?
8
What is the hundreds digit of 841139?
1
What is the units digit of 1566478?
8
What is the tens digit of 626612?
1
What is the ten thousands digit of 2170488?
7
What is the tens digit of 145920?
2
What is the millions digit of 13765267?
3
What is the units digit of 1025516?
6
What is the ten thousands digit of 644210?
4
What is the hundred thousands digit of 678541?
6
What is the tens digit of 7823665?
6
What is the millions digit of 28273555?
8
What is the millions digit of 3452824?
3
What is the units digit of 6967119?
9
What is the units digit of 11177128?
8
What is the hundred thousands digit of 1095365?
0
What is the hundred thousands digit of 2227293?
2
What is the tens digit of 8418177?
7
What is the hundred thousands digit of 6557945?
5
What is the thousands digit of 313722?
3
What is the thousands digit of 579874?
9
What is the ten thousands digit of 3247706?
4
What is the hundred thousand